{"id":1474,"date":"2023-09-25T17:21:08","date_gmt":"2023-09-25T16:21:08","guid":{"rendered":"https:\/\/ramosguitars.com\/?page_id=1474"},"modified":"2025-02-07T02:08:42","modified_gmt":"2025-02-07T01:08:42","slug":"politica-de-privadesa","status":"publish","type":"page","link":"https:\/\/www.ramosguitars.com\/es\/politica-de-privadesa\/","title":{"rendered":"Pol\u00edtica de privadesa"},"content":{"rendered":"<h2 class=\"wp-block-heading\">Qui som<\/h2><p><strong>Text suggerit: <\/strong>La nostra adre\u00e7a web \u00e9s: http:\/\/localhost:8888\/ramosguitars.<\/p><h2 class=\"wp-block-heading\">Comentaris<\/h2><p><strong>Text suggerit: <\/strong>Quan els visitants deixen comentaris a la web, recollim les dades que es mostren al formulari de contacte, aix\u00ed com l&#8217;adre\u00e7a IP del visitant i la cadena de l&#8217;agent de l&#8217;usuari del navegador per ajudar a la detecci\u00f3 de missatges brossa.<\/p><p>Una cadena anonimitzada creada a partir de l&#8217;adre\u00e7a electr\u00f2nica (tamb\u00e9 anomenat un hash) pot proporcionar-se al servei Gravatar per veure si l&#8217;esteu usant. La pol\u00edtica de privadesa del servei Gravatar est\u00e0 disponible aqu\u00ed: https:\/\/automattic.com\/privacy\/. Una vegada aprovat el comentari, la imatge del vostre perfil \u00e9s visible al p\u00fablic al context del comentari.<\/p><h2 class=\"wp-block-heading\">M\u00e8dia<\/h2><p><strong>Text suggerit: <\/strong>Si pugeu imatges al lloc web, heu d&#8217;evitar pujar imatges que incloguin dades de geolocalitzaci\u00f3 (EXIF GPS) incrustades. Els visitants del lloc web poden baixar i extreure qualsevol informaci\u00f3 de les imatges de la web.<\/p><h2 class=\"wp-block-heading\">Galetes<\/h2><p><strong>Text suggerit: <\/strong>Si deixeu un comentari en la p\u00e0gina web, podeu optar per desar el nom, l&#8217;adre\u00e7a electr\u00f2nica i el lloc web en les galetes. Aix\u00f2 \u00e9s per la vostra comoditat perqu\u00e8 no h\u00e0geu d&#8217;emplenar les dades de nou quan feu un altre comentari. Aquestes galetes duraran un any.<\/p><p>Si teniu un compte i inicieu sessi\u00f3 en aquesta p\u00e0gina web, es definir\u00e0 una galeta temporal per determinar si el navegador accepta galetes. Aquesta galeta no cont\u00e9 dades personals i es descartar\u00e0 quan tanqueu el navegador.<\/p><p>Quan inicieu sessi\u00f3, tamb\u00e9 es configuraran diverses galetes per desar la informaci\u00f3 d&#8217;inici de sessi\u00f3 i les opcions de visualitzaci\u00f3 de la pantalla. Les galeres d&#8217;inici de sessi\u00f3 duren dos dies, i les galetes de les opcions de pantalla duren un any. Si seleccioneu \u00abRecordeu-me\u00bb, l&#8217;inici de sessi\u00f3 persistir\u00e0 durant dues setmanes. Si finalitzeu la sessi\u00f3, les galetes d&#8217;inici de sessi\u00f3 seran suprimides.<\/p><p>Si editeu o publiqueu un article, una galeta addicional es desar\u00e0 al navegador. Aquesta galeta no inclou dades personals i simplement indica l&#8217;identificador de l&#8217;entrada que acabeu d&#8217;editar. Caduca despr\u00e9s d&#8217;1 dia.<\/p><h2 class=\"wp-block-heading\">Contingut incrustat d&#8217;altres llocs web<\/h2><p><strong>Text suggerit: <\/strong>Els articles en aquesta p\u00e0gina web inclou contingut incrustat (per exemple, v\u00eddeos, imatges, articles, etc.). El contingut incrustat des d&#8217;altres p\u00e0gines web es comporta exactament de la mateixa manera com si el visitant estigu\u00e9s visitant l&#8217;altra p\u00e0gina web.<\/p><p>Aquestes p\u00e0gines web poden recollir dades sobre v\u00f3s, fer servir galetes, incrustar seguiment addicional de terceres parts, i monitorar la interacci\u00f3 amb el contingut incrustat, incloent-hi la tra\u00e7a de la interacci\u00f3 amb el contingut incrustat si teniu un compte i heu iniciat sessi\u00f3 en aquesta p\u00e0gina web.<\/p><h2 class=\"wp-block-heading\">Amb qui compartim les vostres dades<\/h2><p><strong>Text suggerit: <\/strong>Si sol\u00b7liciteu un reinici de contrasenya, l&#8217;adre\u00e7a IP s&#8217;inclour\u00e0 en el correu electr\u00f2nic de reinicialitzaci\u00f3.<\/p><h2 class=\"wp-block-heading\">Quant de temps retenim les dades<\/h2><p><strong>Text suggerit: <\/strong>Si deixeu un comentari, el comentari i les seves dades meta es retenen indefinidament. Aix\u00f2 \u00e9s per poder recon\u00e8ixer i aprovar autom\u00e0ticament qualsevol comentari de seguiment en lloc de mantenir-los en la cua de moderaci\u00f3.<\/p><p>Per als usuaris que es registren en la web (si hi ha), tamb\u00e9 emmagatzemem la informaci\u00f3 personal que proporcionen al seu perfil d&#8217;usuari. Tots els usuaris poden veure, editar o suprimir la seva informaci\u00f3 personal en qualsevol moment (excepte que no poden canviar el seu nom d&#8217;usuari). Els administradors de la p\u00e0gina web poden tamb\u00e9 editar aquesta informaci\u00f3.<\/p><h2 class=\"wp-block-heading\">Quins drets teniu sobre les vostres dades<\/h2><p><strong>Text suggerit: <\/strong>Si teniu un compte en aquest lloc web o hi heu deixat comentaris, podeu demanar que us enviem un fitxer d&#8217;exportaci\u00f3 de les vostres dades personals, incloent-hi totes les dades que ens h\u00e0geu proporcionat. Tamb\u00e9 podeu demanar que esborrem qualsevol dada personal vostra que tinguem. Aix\u00f2 no inclou les dades que estiguem obligats a conservar amb prop\u00f2sits administratius, legals o de seguretat.<\/p><h2 class=\"wp-block-heading\">On s&#8217;envien les vostres dades<\/h2><p><strong>Text suggerit: <\/strong>Els comentaris dels visitants han de ser comprovats mitjan\u00e7ant un servei de detecci\u00f3 de brossa automatitzat.<\/p>","protected":false},"excerpt":{"rendered":"<p>Qui som Text suggerit: La nostra adre\u00e7a web \u00e9s: http:\/\/localhost:8888\/ramosguitars. Comentaris Text suggerit: Quan els visitants deixen comentaris a la web, recollim les dades que es mostren al formulari de contacte, aix\u00ed com l&#8217;adre\u00e7a IP del visitant i la cadena de l&#8217;agent de l&#8217;usuari del navegador per ajudar a la detecci\u00f3 de missatges brossa. Una [&hellip;]<\/p>\n","protected":false},"author":1,"featured_media":0,"parent":0,"menu_order":0,"comment_status":"closed","ping_status":"closed","template":"","meta":{"_acf_changed":false,"footnotes":""},"class_list":["post-1474","page","type-page","status-publish","hentry"],"acf":[],"yoast_head":"<!-- This site is optimized with the Yoast SEO plugin v27.5 - https:\/\/yoast.com\/product\/yoast-seo-wordpress\/ -->\n<title>Pol\u00edtica de privadesa &#8226; Ramos Guitars<\/title>\n<meta name=\"robots\" content=\"index, follow, max-snippet:-1, max-image-preview:large, max-video-preview:-1\" \/>\n<link rel=\"canonical\" href=\"https:\/\/www.ramosguitars.com\/es\/politica-de-privadesa\/\" \/>\n<meta property=\"og:locale\" content=\"es_ES\" \/>\n<meta property=\"og:type\" content=\"article\" \/>\n<meta property=\"og:title\" content=\"Pol\u00edtica de privadesa &#8226; Ramos Guitars\" \/>\n<meta property=\"og:description\" content=\"Qui som Text suggerit: La nostra adre\u00e7a web \u00e9s: http:\/\/localhost:8888\/ramosguitars. Comentaris Text suggerit: Quan els visitants deixen comentaris a la web, recollim les dades que es mostren al formulari de contacte, aix\u00ed com l&#8217;adre\u00e7a IP del visitant i la cadena de l&#8217;agent de l&#8217;usuari del navegador per ajudar a la detecci\u00f3 de missatges brossa. Una [&hellip;]\" \/>\n<meta property=\"og:url\" content=\"https:\/\/www.ramosguitars.com\/es\/politica-de-privadesa\/\" \/>\n<meta property=\"og:site_name\" content=\"Ramos Guitars\" \/>\n<meta property=\"article:modified_time\" content=\"2025-02-07T01:08:42+00:00\" \/>\n<meta name=\"twitter:card\" content=\"summary_large_image\" \/>\n<meta name=\"twitter:label1\" content=\"Tiempo de lectura\" \/>\n\t<meta name=\"twitter:data1\" content=\"3 minutos\" \/>\n<script type=\"application\/ld+json\" class=\"yoast-schema-graph\">{\"@context\":\"https:\\\/\\\/schema.org\",\"@graph\":[{\"@type\":\"WebPage\",\"@id\":\"https:\\\/\\\/www.ramosguitars.com\\\/es\\\/politica-de-privadesa\\\/\",\"url\":\"https:\\\/\\\/www.ramosguitars.com\\\/es\\\/politica-de-privadesa\\\/\",\"name\":\"Pol\u00edtica de privadesa &#8226; Ramos Guitars\",\"isPartOf\":{\"@id\":\"https:\\\/\\\/www.ramosguitars.com\\\/es\\\/#website\"},\"datePublished\":\"2023-09-25T16:21:08+00:00\",\"dateModified\":\"2025-02-07T01:08:42+00:00\",\"breadcrumb\":{\"@id\":\"https:\\\/\\\/www.ramosguitars.com\\\/es\\\/politica-de-privadesa\\\/#breadcrumb\"},\"inLanguage\":\"es\",\"potentialAction\":[{\"@type\":\"ReadAction\",\"target\":[\"https:\\\/\\\/www.ramosguitars.com\\\/es\\\/politica-de-privadesa\\\/\"]}]},{\"@type\":\"BreadcrumbList\",\"@id\":\"https:\\\/\\\/www.ramosguitars.com\\\/es\\\/politica-de-privadesa\\\/#breadcrumb\",\"itemListElement\":[{\"@type\":\"ListItem\",\"position\":1,\"name\":\"Portada\",\"item\":\"https:\\\/\\\/www.ramosguitars.com\\\/es\\\/\"},{\"@type\":\"ListItem\",\"position\":2,\"name\":\"Pol\u00edtica de privadesa\"}]},{\"@type\":\"WebSite\",\"@id\":\"https:\\\/\\\/www.ramosguitars.com\\\/es\\\/#website\",\"url\":\"https:\\\/\\\/www.ramosguitars.com\\\/es\\\/\",\"name\":\"Ramos Custom Guitars\",\"description\":\"Custom handmade instruments\",\"publisher\":{\"@id\":\"https:\\\/\\\/www.ramosguitars.com\\\/es\\\/#organization\"},\"alternateName\":\"Custom guitars and basses handmade\",\"potentialAction\":[{\"@type\":\"SearchAction\",\"target\":{\"@type\":\"EntryPoint\",\"urlTemplate\":\"https:\\\/\\\/www.ramosguitars.com\\\/es\\\/?s={search_term_string}\"},\"query-input\":{\"@type\":\"PropertyValueSpecification\",\"valueRequired\":true,\"valueName\":\"search_term_string\"}}],\"inLanguage\":\"es\"},{\"@type\":\"Organization\",\"@id\":\"https:\\\/\\\/www.ramosguitars.com\\\/es\\\/#organization\",\"name\":\"Ramos Custom Guitars\",\"url\":\"https:\\\/\\\/www.ramosguitars.com\\\/es\\\/\",\"logo\":{\"@type\":\"ImageObject\",\"inLanguage\":\"es\",\"@id\":\"https:\\\/\\\/www.ramosguitars.com\\\/es\\\/#\\\/schema\\\/logo\\\/image\\\/\",\"url\":\"https:\\\/\\\/www.ramosguitars.com\\\/wp-content\\\/uploads\\\/2023\\\/09\\\/logo_ramosguitars_anim.svg\",\"contentUrl\":\"https:\\\/\\\/www.ramosguitars.com\\\/wp-content\\\/uploads\\\/2023\\\/09\\\/logo_ramosguitars_anim.svg\",\"width\":416,\"height\":446,\"caption\":\"Ramos Custom Guitars\"},\"image\":{\"@id\":\"https:\\\/\\\/www.ramosguitars.com\\\/es\\\/#\\\/schema\\\/logo\\\/image\\\/\"}}]}<\/script>\n<!-- \/ Yoast SEO plugin. -->","yoast_head_json":{"title":"Pol\u00edtica de privadesa &#8226; Ramos Guitars","robots":{"index":"index","follow":"follow","max-snippet":"max-snippet:-1","max-image-preview":"max-image-preview:large","max-video-preview":"max-video-preview:-1"},"canonical":"https:\/\/www.ramosguitars.com\/es\/politica-de-privadesa\/","og_locale":"es_ES","og_type":"article","og_title":"Pol\u00edtica de privadesa &#8226; Ramos Guitars","og_description":"Qui som Text suggerit: La nostra adre\u00e7a web \u00e9s: http:\/\/localhost:8888\/ramosguitars. Comentaris Text suggerit: Quan els visitants deixen comentaris a la web, recollim les dades que es mostren al formulari de contacte, aix\u00ed com l&#8217;adre\u00e7a IP del visitant i la cadena de l&#8217;agent de l&#8217;usuari del navegador per ajudar a la detecci\u00f3 de missatges brossa. Una [&hellip;]","og_url":"https:\/\/www.ramosguitars.com\/es\/politica-de-privadesa\/","og_site_name":"Ramos Guitars","article_modified_time":"2025-02-07T01:08:42+00:00","twitter_card":"summary_large_image","twitter_misc":{"Tiempo de lectura":"3 minutos"},"schema":{"@context":"https:\/\/schema.org","@graph":[{"@type":"WebPage","@id":"https:\/\/www.ramosguitars.com\/es\/politica-de-privadesa\/","url":"https:\/\/www.ramosguitars.com\/es\/politica-de-privadesa\/","name":"Pol\u00edtica de privadesa &#8226; Ramos Guitars","isPartOf":{"@id":"https:\/\/www.ramosguitars.com\/es\/#website"},"datePublished":"2023-09-25T16:21:08+00:00","dateModified":"2025-02-07T01:08:42+00:00","breadcrumb":{"@id":"https:\/\/www.ramosguitars.com\/es\/politica-de-privadesa\/#breadcrumb"},"inLanguage":"es","potentialAction":[{"@type":"ReadAction","target":["https:\/\/www.ramosguitars.com\/es\/politica-de-privadesa\/"]}]},{"@type":"BreadcrumbList","@id":"https:\/\/www.ramosguitars.com\/es\/politica-de-privadesa\/#breadcrumb","itemListElement":[{"@type":"ListItem","position":1,"name":"Portada","item":"https:\/\/www.ramosguitars.com\/es\/"},{"@type":"ListItem","position":2,"name":"Pol\u00edtica de privadesa"}]},{"@type":"WebSite","@id":"https:\/\/www.ramosguitars.com\/es\/#website","url":"https:\/\/www.ramosguitars.com\/es\/","name":"Ramos Custom Guitars","description":"Custom handmade instruments","publisher":{"@id":"https:\/\/www.ramosguitars.com\/es\/#organization"},"alternateName":"Custom guitars and basses handmade","potentialAction":[{"@type":"SearchAction","target":{"@type":"EntryPoint","urlTemplate":"https:\/\/www.ramosguitars.com\/es\/?s={search_term_string}"},"query-input":{"@type":"PropertyValueSpecification","valueRequired":true,"valueName":"search_term_string"}}],"inLanguage":"es"},{"@type":"Organization","@id":"https:\/\/www.ramosguitars.com\/es\/#organization","name":"Ramos Custom Guitars","url":"https:\/\/www.ramosguitars.com\/es\/","logo":{"@type":"ImageObject","inLanguage":"es","@id":"https:\/\/www.ramosguitars.com\/es\/#\/schema\/logo\/image\/","url":"https:\/\/www.ramosguitars.com\/wp-content\/uploads\/2023\/09\/logo_ramosguitars_anim.svg","contentUrl":"https:\/\/www.ramosguitars.com\/wp-content\/uploads\/2023\/09\/logo_ramosguitars_anim.svg","width":416,"height":446,"caption":"Ramos Custom Guitars"},"image":{"@id":"https:\/\/www.ramosguitars.com\/es\/#\/schema\/logo\/image\/"}}]}},"_links":{"self":[{"href":"https:\/\/www.ramosguitars.com\/es\/wp-json\/wp\/v2\/pages\/1474","targetHints":{"allow":["GET"]}}],"collection":[{"href":"https:\/\/www.ramosguitars.com\/es\/wp-json\/wp\/v2\/pages"}],"about":[{"href":"https:\/\/www.ramosguitars.com\/es\/wp-json\/wp\/v2\/types\/page"}],"author":[{"embeddable":true,"href":"https:\/\/www.ramosguitars.com\/es\/wp-json\/wp\/v2\/users\/1"}],"replies":[{"embeddable":true,"href":"https:\/\/www.ramosguitars.com\/es\/wp-json\/wp\/v2\/comments?post=1474"}],"version-history":[{"count":5,"href":"https:\/\/www.ramosguitars.com\/es\/wp-json\/wp\/v2\/pages\/1474\/revisions"}],"predecessor-version":[{"id":3652,"href":"https:\/\/www.ramosguitars.com\/es\/wp-json\/wp\/v2\/pages\/1474\/revisions\/3652"}],"wp:attachment":[{"href":"https:\/\/www.ramosguitars.com\/es\/wp-json\/wp\/v2\/media?parent=1474"}],"curies":[{"name":"wp","href":"https:\/\/api.w.org\/{rel}","templated":true}]}}

Política de privadesa

<h2 class="wp-block-heading">Qui som</h2><p><strong>Text suggerit: </strong>La nostra adreça web és: http://localhost:8888/ramosguitars.</p><h2 class="wp-block-heading">Comentaris</h2><p><strong>Text suggerit: </strong>Quan els visitants deixen comentaris a la web, recollim les dades que es mostren al formulari de contacte, així com l&#8217;adreça IP del visitant i la cadena de l&#8217;agent de l&#8217;usuari del navegador per ajudar a la detecció de missatges brossa.</p><p>Una cadena anonimitzada creada a partir de l&#8217;adreça electrònica (també anomenat un hash) pot proporcionar-se al servei Gravatar per veure si l&#8217;esteu usant. La política de privadesa del servei Gravatar està disponible aquí: https://automattic.com/privacy/. Una vegada aprovat el comentari, la imatge del vostre perfil és visible al públic al context del comentari.</p><h2 class="wp-block-heading">Mèdia</h2><p><strong>Text suggerit: </strong>Si pugeu imatges al lloc web, heu d&#8217;evitar pujar imatges que incloguin dades de geolocalització (EXIF GPS) incrustades. Els visitants del lloc web poden baixar i extreure qualsevol informació de les imatges de la web.</p><h2 class="wp-block-heading">Galetes</h2><p><strong>Text suggerit: </strong>Si deixeu un comentari en la pàgina web, podeu optar per desar el nom, l&#8217;adreça electrònica i el lloc web en les galetes. Això és per la vostra comoditat perquè no hàgeu d&#8217;emplenar les dades de nou quan feu un altre comentari. Aquestes galetes duraran un any.</p><p>Si teniu un compte i inicieu sessió en aquesta pàgina web, es definirà una galeta temporal per determinar si el navegador accepta galetes. Aquesta galeta no conté dades personals i es descartarà quan tanqueu el navegador.</p><p>Quan inicieu sessió, també es configuraran diverses galetes per desar la informació d&#8217;inici de sessió i les opcions de visualització de la pantalla. Les galeres d&#8217;inici de sessió duren dos dies, i les galetes de les opcions de pantalla duren un any. Si seleccioneu «Recordeu-me», l&#8217;inici de sessió persistirà durant dues setmanes. Si finalitzeu la sessió, les galetes d&#8217;inici de sessió seran suprimides.</p><p>Si editeu o publiqueu un article, una galeta addicional es desarà al navegador. Aquesta galeta no inclou dades personals i simplement indica l&#8217;identificador de l&#8217;entrada que acabeu d&#8217;editar. Caduca després d&#8217;1 dia.</p><h2 class="wp-block-heading">Contingut incrustat d&#8217;altres llocs web</h2><p><strong>Text suggerit: </strong>Els articles en aquesta pàgina web inclou contingut incrustat (per exemple, vídeos, imatges, articles, etc.). El contingut incrustat des d&#8217;altres pàgines web es comporta exactament de la mateixa manera com si el visitant estigués visitant l&#8217;altra pàgina web.</p><p>Aquestes pàgines web poden recollir dades sobre vós, fer servir galetes, incrustar seguiment addicional de terceres parts, i monitorar la interacció amb el contingut incrustat, incloent-hi la traça de la interacció amb el contingut incrustat si teniu un compte i heu iniciat sessió en aquesta pàgina web.</p><h2 class="wp-block-heading">Amb qui compartim les vostres dades</h2><p><strong>Text suggerit: </strong>Si sol·liciteu un reinici de contrasenya, l&#8217;adreça IP s&#8217;inclourà en el correu electrònic de reinicialització.</p><h2 class="wp-block-heading">Quant de temps retenim les dades</h2><p><strong>Text suggerit: </strong>Si deixeu un comentari, el comentari i les seves dades meta es retenen indefinidament. Això és per poder reconèixer i aprovar automàticament qualsevol comentari de seguiment en lloc de mantenir-los en la cua de moderació.</p><p>Per als usuaris que es registren en la web (si hi ha), també emmagatzemem la informació personal que proporcionen al seu perfil d&#8217;usuari. Tots els usuaris poden veure, editar o suprimir la seva informació personal en qualsevol moment (excepte que no poden canviar el seu nom d&#8217;usuari). Els administradors de la pàgina web poden també editar aquesta informació.</p><h2 class="wp-block-heading">Quins drets teniu sobre les vostres dades</h2><p><strong>Text suggerit: </strong>Si teniu un compte en aquest lloc web o hi heu deixat comentaris, podeu demanar que us enviem un fitxer d&#8217;exportació de les vostres dades personals, incloent-hi totes les dades que ens hàgeu proporcionat. També podeu demanar que esborrem qualsevol dada personal vostra que tinguem. Això no inclou les dades que estiguem obligats a conservar amb propòsits administratius, legals o de seguretat.</p><h2 class="wp-block-heading">On s&#8217;envien les vostres dades</h2><p><strong>Text suggerit: </strong>Els comentaris dels visitants han de ser comprovats mitjançant un servei de detecció de brossa automatitzat.</p>

<p>Qui som Text suggerit: La nostra adreça web és: http://localhost:8888/ramosguitars. Comentaris Text suggerit: Quan els visitants deixen comentaris a la web, recollim les dades que es mostren al formulari de contacte, així com l&#8217;adreça IP del visitant i la cadena de l&#8217;agent de l&#8217;usuari del navegador per ajudar a la detecció de missatges brossa. Una [&hellip;]</p>

<!-- This site is optimized with the Yoast SEO plugin v27.5 - https://yoast.com/product/yoast-seo-wordpress/ -->
<title>Política de privadesa &#8226; Ramos Guitars</title>
<meta name="robots" content="index, follow, max-snippet:-1, max-image-preview:large, max-video-preview:-1" />
<link rel="canonical" href="https://www.ramosguitars.com/es/politica-de-privadesa/" />
<meta property="og:locale" content="es_ES" />
<meta property="og:type" content="article" />
<meta property="og:title" content="Política de privadesa &#8226; Ramos Guitars" />
<meta property="og:description" content="Qui som Text suggerit: La nostra adreça web és: http://localhost:8888/ramosguitars. Comentaris Text suggerit: Quan els visitants deixen comentaris a la web, recollim les dades que es mostren al formulari de contacte, així com l&#8217;adreça IP del visitant i la cadena de l&#8217;agent de l&#8217;usuari del navegador per ajudar a la detecció de missatges brossa. Una [&hellip;]" />
<meta property="og:url" content="https://www.ramosguitars.com/es/politica-de-privadesa/" />
<meta property="og:site_name" content="Ramos Guitars" />
<meta property="article:modified_time" content="2025-02-07T01:08:42+00:00" />
<meta name="twitter:card" content="summary_large_image" />
<meta name="twitter:label1" content="Tiempo de lectura" />
	<meta name="twitter:data1" content="3 minutos" />
<script type="application/ld+json" class="yoast-schema-graph">{"@context":"https:\/\/schema.org","@graph":[{"@type":"WebPage","@id":"https:\/\/www.ramosguitars.com\/es\/politica-de-privadesa\/","url":"https:\/\/www.ramosguitars.com\/es\/politica-de-privadesa\/","name":"Política de privadesa &#8226; Ramos Guitars","isPartOf":{"@id":"https:\/\/www.ramosguitars.com\/es\/#website"},"datePublished":"2023-09-25T16:21:08+00:00","dateModified":"2025-02-07T01:08:42+00:00","breadcrumb":{"@id":"https:\/\/www.ramosguitars.com\/es\/politica-de-privadesa\/#breadcrumb"},"inLanguage":"es","potentialAction":[{"@type":"ReadAction","target":["https:\/\/www.ramosguitars.com\/es\/politica-de-privadesa\/"]}]},{"@type":"BreadcrumbList","@id":"https:\/\/www.ramosguitars.com\/es\/politica-de-privadesa\/#breadcrumb","itemListElement":[{"@type":"ListItem","position":1,"name":"Portada","item":"https:\/\/www.ramosguitars.com\/es\/"},{"@type":"ListItem","position":2,"name":"Política de privadesa"}]},{"@type":"WebSite","@id":"https:\/\/www.ramosguitars.com\/es\/#website","url":"https:\/\/www.ramosguitars.com\/es\/","name":"Ramos Custom Guitars","description":"Custom handmade instruments","publisher":{"@id":"https:\/\/www.ramosguitars.com\/es\/#organization"},"alternateName":"Custom guitars and basses handmade","potentialAction":[{"@type":"SearchAction","target":{"@type":"EntryPoint","urlTemplate":"https:\/\/www.ramosguitars.com\/es\/?s={search_term_string}"},"query-input":{"@type":"PropertyValueSpecification","valueRequired":true,"valueName":"search_term_string"}}],"inLanguage":"es"},{"@type":"Organization","@id":"https:\/\/www.ramosguitars.com\/es\/#organization","name":"Ramos Custom Guitars","url":"https:\/\/www.ramosguitars.com\/es\/","logo":{"@type":"ImageObject","inLanguage":"es","@id":"https:\/\/www.ramosguitars.com\/es\/#\/schema\/logo\/image\/","url":"https:\/\/www.ramosguitars.com\/wp-content\/uploads\/2023\/09\/logo_ramosguitars_anim.svg","contentUrl":"https:\/\/www.ramosguitars.com\/wp-content\/uploads\/2023\/09\/logo_ramosguitars_anim.svg","width":416,"height":446,"caption":"Ramos Custom Guitars"},"image":{"@id":"https:\/\/www.ramosguitars.com\/es\/#\/schema\/logo\/image\/"}}]}</script>
<!-- / Yoast SEO plugin. -->

Política de privadesa &#8226; Ramos Guitars

Qui som Text suggerit: La nostra adreça web és: http://localhost:8888/ramosguitars. Comentaris Text suggerit: Quan els visitants deixen comentaris a la web, recollim les dades que es mostren al formulari de contacte, així com l&#8217;adreça IP del visitant i la cadena de l&#8217;agent de l&#8217;usuari del navegador per ajudar a la detecció de missatges brossa. Una [&hellip;]
